 h(o) = -3*o**2 - 26. Let g(r) = -r**2 - 9. Let q(v) = 8*g(v) - 3*h(v). Let y = -50 - -50. What is q(y)?
6
Let p(l) be the second derivative of l**5/20 + 7*l**4/12 + 2*l**2 - 299*l. Calculate p(-7).
4
Let y(h) = -4*h**2 - h + 9. Let j be y(0). Let o(d) = 3*d - 20. Calculate o(j).
7
Let f(w) = 8*w - 3. Let p = 19 - 13. Let n(m) = 9*m - 4. Let l(d) = p*n(d) - 7*f(d). Let b(k) = 4*k + 7. Let z(v) = 3*b(v) + 5*l(v). Calculate z(-6).
-6
Let g = -520 - -518. Let k(u) = 3*u**2 + 5*u + 2. What is k(g)?
4
Suppose -5*h - 3*p = -19, 6 = -2*h + 2*p + 20. Let u(m) = 2*m - 1. What is u(h)?
9
Suppose -2*a + 3 = -2*w - 3, 0 = -3*a - 3*w + 15. Suppose -6 + 2 = -a*c - 3*y, 5*y = 3*c - 3. Let l(n) = -47*n**3 + 88*n**3 + 3 - 43*n**3 - 2. Determine l(c).
-1
Let m(j) = -3*j**3 + 0*j + 6*j**2 + 2*j**3 - 4 - 5*j. Let d = 437 + -433. Give m(d).
8
Let b(c) be the second derivative of -c**5/20 - c**4/12 - 7*c**2/2 + 2*c. Suppose 0 = 2*o - 0*o + 168. Let k be 24/o + (-2)/(-7). Give b(k).
-7
Let t(h) = -14*h + 4. Let i(n) = 7*n - 2. Let b(k) = 5*i(k) + 3*t(k). Let r be ((-2)/5)/(14/(-70)). Determine b(r).
-12
Let i(k) = -6*k**3 - 16*k**3 + 3 + 32*k**3 - 9*k**3 + 12*k**2 + 12*k. Calculate i(-11).
-8
Suppose 34*v = 15 - 219. Let f(x) = -4*x - 2. What is f(v)?
22
Let b(k) be the first derivative of -5*k**4/4 - k**3/3 - 2. Let q = -64 - -68. Suppose 0*a = -a + 3*c + 4, 2*a = 2*c + q. Determine b(a).
-6
Let w(c) = c**2 + 4*c + 1. Let j(o) = -o**3 + 11*o**2 - 16*o + 56. Let u be j(10). Determine w(u).
1
Let w(f) = 7*f - 3. Let y(s) = 16*s - 7. Let x(t) = -9*w(t) + 4*y(t). Determine x(7).
6
Let u(q) = q**2 + q + 9. Suppose -3*t + 4*t = 5*n + 2, t - n = 6. Suppose t*i - 12*i + 125 = 0. Let a = i - 25. Calculate u(a).
9
Let g(o) be the second derivative of -o**5/20 - o**4/2 - 2*o**3/3 + o**2/2 + 352*o. Calculate g(-5).
-4
Let s(o) = 11*o**2 + 8*o - 15. Let f(m) = 5*m**2 + 4*m - 7. Let j(q) = -9*f(q) + 4*s(q). Let d = -8 - -3. Let c = d - 0. What is j(c)?
-2
Let k(c) be the first derivative of -9 + 4/3*c**3 + 1/4*c**4 - 1/120*c**6 + 1/10*c**5 + 0*c + c**2. Let n(l) be the second derivative of k(l). Determine n(7).
1
Let f(q) = q**2 - 10*q + 25. Let v(c) = c**3 - c**2 - 10*c - 2. Let a be v(4). Give f(a).
1
Let q(w) = 6*w**2 - w - 5. Let k(g) = -7*g**2 + g + 6. Let u(h) = 5*k(h) + 6*q(h). Calculate u(-2).
6
Let l(q) = 6*q**3 + 4*q**2 - 3*q - 1. Let f(b) = 7*b**3 + 5*b**2 - 4*b - 1. Let y(v) = -3*f(v) + 4*l(v). Calculate y(2).
27
Suppose 0 = 6*m + 23*m - 11 + 98. Let b(r) be the first derivative of -r**2/2 + 3*r + 1. What is b(m)?
6
Let h(b) = b - 1. Let f(c) = 4*c + 8. Let v(x) = -f(x) + 5*h(x). Let j be v(13). Let r = 0 + j. Let y(d) = d**2 + 5. Determine y(r).
5
Let x(h) = -2*h**2 - 3*h - 5. Let u = -398 + 396. Calculate x(u).
-7
Let x(q) be the third derivative of q**5/60 - q**4/24 - 4*q**3/3 + 50*q**2. Give x(0).
-8
Let w = 1 + -3. Let t(v) = -26*v + 2*v**3 - 22*v + 47*v + 6. Let p(h) = 2*h**3 - h**2 - 2*h + 7. Let j(n) = -4*p(n) + 5*t(n). Calculate j(w).
-4
Let v(u) be the second derivative of u**5/20 - u**4/6 + u**3/6 + 5*u + 21. Calculate v(2).
2
Let o(b) = -b**2 + 4*b + 1. Let w(a) = -a - 2. Let t(n) = n + 1. Let y = -7 + 0. Let m be t(y). Let d be w(m). What is o(d)?
1
Suppose -5*b = -5, 82 - 93 = 4*z + 5*b. Let m(k) = -k**2 - 5*k - 10. What is m(z)?
-6
Let w(o) = 2052 + 10*o**2 + 0*o**3 - 2043 + 10*o + o**3 - o**2. Determine w(-8).
-7
Suppose -4*x - 3*s - 25 = 0, 2*x + 9 = -0*x - 5*s. Let b(h) = -h**3 + h - 1. Let n(d) = 5*d**3 + 7*d**2 - 6*d + 8. Let k(j) = -4*b(j) - n(j). Give k(x).
-18
Let a(r) = -4*r**2 - r. Suppose -4*h = -7*z + 11*z + 4, 4*h + 2*z = 0. What is a(h)?
-5
Suppose 0 = -3*f + r - 23, f + 2*f + 15 = 3*r. Let d(j) be the third derivative of -j**5/60 - 11*j**4/24 - 11*j**3/6 + 211*j**2. What is d(f)?
7
Let f(h) be the second derivative of 7*h**3/6 + h**2/2 - 15*h - 14. What is f(1)?
8
Let w(j) = 3*j**2 - 3*j + 2 + 0*j + 1. Suppose -z - 2*s = 2, 3580*z = 3583*z + 5*s + 4. Calculate w(z).
9
Suppose 2*c = 2 - 0. Let m(o) = o**2 + 2. Let i be m(c). Let q(g) = -4 - 1 + i - 3*g - 1. Give q(-5).
12
Let c(v) = -v**2 + 9*v - 10. Let y = 79 - 72. Give c(y).
4
Let a(b) be the second derivative of b**4/12 - 7*b**3/3 + b**2/2 + 2*b. Let d(c) = c**2 - 13*c + 1. Let z(x) = -6*a(x) + 7*d(x). Determine z(5).
-9
Let w be ((-2)/4)/((-4)/(-144)). Let d be -3 + 2/(-9) - 4/w. Let j(v) = 2*v - 1. Give j(d).
-7
Let y(h) = -h**3 - h**2 + 4*h. Suppose 0 = -2*w - 5*d + 14, 0 = 5*w - 2*d + 6 + 17. Give y(w).
6
Suppose 4 = 3*b - 2, 0 = 4*s - 5*b + 42. Let v(t) = -3*t + 6. Let n(y) = -y + 2. Let o(c) = s*n(c) + 3*v(c). Let p = -223 + 220. Give o(p).
5
Let c(s) = s + 1. Let l be c(1). Let n(f) = -5*f + l*f - 2 + 2*f. Let h(w) = 2*w**2 - 2*w - 4. Let k be h(2). What is n(k)?
-2
Let a(q) = -3*q**3 + 1. Let g = -580 - -579. What is a(g)?
4
Let k(o) = 5*o**2 - 84*o + 85. Let u(s) = 2*s**2 - 29*s + 28. Let v(g) = -3*k(g) + 8*u(g). Give v(-21).
-10
Let b(t) be the first derivative of 0*t - 17 + 1/3*t**3 - 3/2*t**2. What is b(2)?
-2
Let z(h) = 3*h**2 + 5*h + 3. Let a(p) = 2*p**2 + 2*p + 2. Let r(k) = 5*a(k) - 3*z(k). Let g = 3 + 5. Suppose 2*f = 5*q - 31, -q - f = -2*f - g. What is r(q)?
1
Let x(h) = -h**3 + 7*h**2 - h + 2. Suppose 0*w + 28 = 5*r - w, r = -w + 2. Let k(f) = 2*f**2 - f. Let m be k(-1). Suppose -56 = -m*a - r*a. What is x(a)?
-5
Let q(k) = 4*k + 48. Suppose 3*l + 24 = 68*m - 71*m, -5*l = -2*m + 47. Determine q(l).
12
Let w(s) = s**2 + 7*s + 10. Let n(x) = -2*x + 21. Let k be n(13). Give w(k).
0
Let d(k) = -3*k + 1. Let f(a) = 6*a - 2. Let p(l) = 3*l - 1. Let t(u) = -4*f(u) + 7*p(u). Let b(n) = 5*d(n) - 4*t(n). What is b(2)?
-5
Let a(l) = -1484*l + 1483*l - 6*l**2 + 7*l**2 + 3. Calculate a(-4).
23
Let m(f) = 5*f**2. Suppose 8 = i + 4. Suppose -3*s + 4*s + i*y = -11, 5*y = -s - 14. Determine m(s).
5
Suppose -2*p - 3*p = -5*m + 60, 2*m - p - 19 = 0. Let b(n) = -n**3 + 8*n**2 - 7*n. Determine b(m).
0
Let z(x) = -x**3 + 10*x**2 + 12*x - 9. Let d be z(11). Let r(k) = 3*k**3 - 3*k**2 + 3*k - 3. Determine r(d).
15
Let j(m) = m**3 + 6*m**2 + 8*m + 2. Let f be j(-4). Let i be (-12)/f*(-12)/(-24). Let s(p) = -p**2 - 2. Determine s(i).
-11
Let z(j) = -12 + 5*j**2 - 6*j**2 + 1 - 11*j. Give z(-9).
7
Let n(f) = 3*f**3 - 20*f**2 - 4*f**3 - 20*f + 1146 - 1167. Calculate n(-19).
-2
Let m(d) = d**3 - d**2 + d + 1. Let n(s) = -7*s**3 + 17*s**2 - 19*s - 5. Let c(y) = -6*m(y) - n(y). Determine c(10).
29
Suppose -3*n + 6*n = r - 11, 2*n + 5*r + 13 = 0. Let b(y) = -8*y - 6. Let d(c) = 23*c + 18. Let x(o) = 8*b(o) + 3*d(o). Give x(n).
-14
Let v(o) = 211 - 82 - o - 109. Give v(13).
7
Let h = -22 + 16. Let y(q) be the second derivative of q**5/120 - q**4/4 + q**3/6 + 3*q. Let n(z) be the second derivative of y(z). What is n(h)?
-12
Let r(j) = -3*j - j + 7*j - 2*j. Let i(m) = 4*m + 1. Let t(q) = -i(q) + 5*r(q). Give t(2).
1
Let q be (-10)/50*-5 + -2. Let d(r) = 15*r + 1. Give d(q).
-14
Let t(j) = -4130*j + 1 + 4136*j - j**2 - 5. Suppose 5*i + 13 = -3*o, 3*o - i = -0*o + 17. Give t(o).
4
Suppose -6 = f - 3*f. Let t(u) = f*u**2 + 2*u**2 - 6*u**2. Determine t(1).
-1
Let m(d) = -d + 4. Suppose -15 = -7*a + 2*a. Let v(l) be the third derivative of l**4/8 - 11*l**3/6 - 3*l**2 + 15. Let z(t) = a*v(t) + 8*m(t). What is z(6)?
5
Let h(i) = -10 + 3*i + 9 - 25 - 10. Calculate h(14).
6
Let n(p) = -3*p - 15. Suppose a = -4, -11 = 4*k - a + 13. Determine n(k).
6
Let v = -48 - -48. Let y be v/((-4)/6 - (-35)/21). Let d(o) be the first derivative of -o**4/4 - o**3/3 - o**2/2 + 4*o + 1. Give d(y).
4
Let o(b) = 24*b**3 - 52*b**2 - 25*b**3 - b + 44*b**2. Determine o(-8).
8
Let t(i) = i**2 - i - 14. Let l = 89 - 89. What is t(l)?
-14
Suppose -245 = 4*p + 3*p. Let n = p - -36. Let b(w) = -3*w - 1. Give b(n).
-4
Let g(c) be the first derivative of -17 + c - 1/2*c**2. Suppose -3*i = -0*i + 9. Determine g(i).
4
Let l(v) = -v**3 + v**2 - 1. Let p(m) = m**3 - 17*m**2 + 16*m + 4. Let a be p(16). Suppose -a*i = 4*b + 8, -19 + 3 = -4*i + 2*b. Calculate l(i).
-5
Let o(w) = w - 42 + w - w + 30. Determine o(5).
-7
Let r(k) = 2*k + 0*k + k**2 - 6*k + 3 + 0*k. Let b(g) = g - 9. Let l be (1/(-2))/(-1)*24. Let c be b(l). Calculate r(c).
0
Let z = 13 - 14. Let h = -6 - z. Let d(g) = 8*g - 1. Let j(p) = 8*p - 1. Let r(a) = h*j(a) + 6*d(a). C